t are the prime factors of 254898527?
13, 17, 227, 5081
What are the prime factors of 85630230?
2, 3, 5, 7, 45307
List the prime factors of 1278448282.
2, 639224141
List the prime factors of 4137872389.
7, 591124627
List the prime factors of 134247131.
2671, 50261
List the prime factors of 2391895450.
2, 5, 7, 6833987
What are the prime factors of 21768921?
3, 2418769
What are the prime factors of 153553940?
2, 5, 971, 7907
List the prime factors of 413127024.
2, 3, 79, 108947
What are the prime factors of 2620851865?
5, 524170373
List the prime factors of 1302915753.
3, 23, 41, 73, 701
List the prime factors of 378897078.
2, 3, 7, 23, 392233
What are the prime factors of 1761470727?
3, 1697, 345997
List the prime factors of 110611613.
7, 79, 139, 1439
What are the prime factors of 278102396?
2, 11, 13, 486193
List the prime factors of 1205851120.
2, 5, 101, 149239
What are the prime factors of 30166425?
3, 5, 14897
List the prime factors of 855256084.
2, 1889, 113189
List the prime factors of 1607278810.
2, 5, 160727881
What are the prime factors of 11016920?
2, 5, 275423
What are the prime factors of 101438792?
2, 7, 13, 139339
List the prime factors of 2151244813.
79, 811, 33577
List the prime factors of 1116428515.
5, 29, 2467, 3121
List the prime factors of 68066124.
2, 3, 7, 107, 7573
What are the prime factors of 17292101?
2309, 7489
What are the prime factors of 58478752?
2, 463, 3947
List the prime factors of 2376348158.
2, 5099, 233021
What are the prime factors of 164438470?
2, 5, 7, 103, 22807
List the prime factors of 9801084.
2, 3, 31, 26347
List the prime factors of 1377811826.
2, 23, 1801, 16631
What are the prime factors of 275726414?
2, 137863207
List the prime factors of 1616483043.
3, 7, 25658461
What are the prime factors of 443612706?
2, 3, 73935451
List the prime factors of 281739009.
3, 47, 1153, 1733
What are the prime factors of 283656190?
2, 5, 28365619
What are the prime factors of 3029533737?
3, 1009844579
List the prime factors of 1420837528.
2, 11, 59, 131, 2089
What are the prime factors of 7861691922?
2, 3, 7, 17, 127, 181, 479
List the prime factors of 79815209.
1637, 48757
List the prime factors of 675059070.
2, 3, 5, 7, 3214567
What are the prime factors of 60021334?
2, 53, 263, 2153
List the prime factors of 658604191.
7, 17, 5534489
What are the prime factors of 293633842?
2, 43, 103, 33149
List the prime factors of 9260611.
9260611
List the prime factors of 5155022859.
3, 7, 193, 1271903
What are the prime factors of 318271652?
2, 127, 626519
List the prime factors of 9981619.
2749, 3631
List the prime factors of 570230861.
1759, 324179
What are the prime factors of 313987882?
2, 13, 19, 635603
What are the prime factors of 1850654883?
3, 7, 11, 1144499
List the prime factors of 5448048333.
3, 7, 13, 19956221
What are the prime factors of 876835134?
2, 3, 7, 271, 25679
List the prime factors of 18795625.
5, 17, 29, 61
What are the prime factors of 270102544?
2, 113, 149393
What are the prime factors of 87477673?
331, 264283
List the prime factors of 353756152.
2, 29, 1524811
List the prime factors of 33856722.
2, 3, 1880929
List the prime factors of 46942797.
3, 11, 17, 7607
What are the prime factors of 432123575?
5, 13, 53, 25087
What are the prime factors of 13965383?
79, 176777
What are the prime factors of 38280514?
2, 19140257
List the prime factors of 75805479.
3, 8422831
What are the prime factors of 32148836?
2, 17, 19, 149, 167
List the prime factors of 1009735031.
19, 131, 405679
What are the prime factors of 324126028?
2, 23, 3523109
List the prime factors of 169913220.
2, 3, 5, 1621, 1747
What are the prime factors of 97820230?
2, 5, 37, 59, 4481
What are the prime factors of 65840715?
3, 5, 487709
What are the prime factors of 398656818?
2, 3, 7, 109, 29027
What are the prime factors of 73178508?
2, 3, 13, 293, 1601
List the prime factors of 39753053.
2017, 19709
What are the prime factors of 62372480?
2, 5, 41, 2377
List the prime factors of 204804203.
251, 815953
List the prime factors of 256485062.
2, 73, 1756747
What are the prime factors of 390452761?
23, 16976207
What are the prime factors of 435600794?
2, 47, 4634051
List the prime factors of 5761850187.
3, 19, 101085091
What are the prime factors of 40649372?
2, 23, 441841
What are the prime factors of 1199924632?
2, 19, 43, 183587
What are the prime factors of 114752476?
2, 19, 523, 2887
What are the prime factors of 4766994455?
5, 19, 50178889
List the prime factors of 34253970.
2, 3, 5, 251, 4549
List the prime factors of 138888138.
2, 3, 19, 347, 3511
List the prime factors of 1388626844.
2, 11, 17, 47, 39499
What are the prime factors of 488979743?
7, 79, 884231
What are the prime factors of 14147423?
47, 241, 1249
What are the prime factors of 197038405?
5, 1801, 21881
List the prime factors of 1405429536.
2, 3, 7, 23, 90931
List the prime factors of 13859999.
29, 73, 6547
List the prime factors of 59679380.
2, 5, 19, 157051
What are the prime factors of 239835325?
5, 487, 19699
List the prime factors of 1717290190.
2, 5, 7, 11, 17, 127, 1033
What are the prime factors of 110073663?
3, 7, 1747201
List the prime factors of 50640589.
3797, 13337
What are the prime factors of 475851847?
475851847
What are the prime factors of 4162920071?
4162920071
What are the prime factors of 5098581130?
2, 5, 37, 13779949
What are the prime factors of 483866437?
483866437
List the prime factors of 68574575.
5, 2742983
What are the prime factors of 107563671?
3, 11951519
List the prime factors of 44388267.
3, 7, 11, 97, 283
What are the prime factors of 379249416?
2, 3, 7, 13, 8269
List the prime factors of 40949319.
3, 13649773
What are the prime factors of 1607836184?
2, 37, 2063, 2633
List the prime factors of 999093687.
3, 191, 1171, 1489
List the prime factors of 132135844.
2, 1097, 30113
List the prime factors of 2433475267.
2433475267
List the prime factors of 89036384.
2, 167, 16661
What are the prime factors of 25993262?
2, 41, 316991
List the prime factors of 55849576.
2, 37, 188681
What are the prime factors of 117439137?
3, 13048793
List the prime factors of 300253218.
2, 3, 17, 97, 30347
List the prime factors of 21011898.
2, 3, 17, 113, 1823
What are the prime factors of 636885359?
11, 31, 103, 18133
What are the prime factors of 3665555087?
61, 60091067
List the prime factors of 288995929.
288995929
What are the prime factors of 1293383507?
13, 37, 2688947
List the prime factors of 12205919.
11, 1109629
List the prime factors of 1004324110.
2, 5, 41, 71, 34501
What are the prime factors of 142550001?
3, 11, 107, 13457
What are the prime factors of 777591297?
3, 7, 29, 37, 11503
List the prime factors of 160162554.
2, 3, 31, 861089
List the prime factors of 3687157151.
59, 223, 280243
What are the prime factors of 590459512?
2, 631, 116969
List the prime factors of 114315632.
2, 173, 41299
What are the prime factors of 48417482?
2, 1117, 21673
List the prime factors of 66092027.
37, 1786271
List the prime factors of 20482128.
2, 3, 142237
List the prime factors of 1137260242.
2, 568630121
List the prime factors of 246551929.
13, 281, 67493
What are the prime factors of 400624905?
3, 5, 677, 39451
List the prime factors of 2561999736.
2, 3, 137, 373, 2089
What are the prime factors of 3277912785?
3, 5, 7, 131, 238307
List the prime factors of 8307045.
3, 5, 367, 503
What are the prime factors of 284663920?
2, 5, 3558299
List the prime factors of 110597612.
2, 941, 29383
What are the prime factors of 492633853?
199, 2475547
What are the prime factors of 280212193?
31, 2089, 4327
List the prime factors of 720490813.
7, 107, 961937
What are the prime factors of 138524903?
11, 12593173
List the prime factors of 30758028.
2, 3, 7, 366167
List the prime factors of 446745038.
2, 1753, 127423
List the prime factors of 12070162.
2, 13, 464237
What are the prime factors of 127584262?
2, 13, 4907087
List the prime factors of 305777414.
2, 67, 2281921
What are the prime factors of 66040462?
2, 33020231
List the prime factors of 2243219028.
2, 3, 186934919
List the prime factors of 759781887.
3, 253260629
List the prime factors of 142170550.
2, 5, 2843411
List the prime factors of 3793203610.
2, 5, 7, 54188623
List the prime factors of 6387